ermine a(j).
8
Let w(j) = -j**2 - 4*j. Let v = -2 - -2. Let c(i) = i**2 - 5. Let k be c(0). Let h = k + v. Calculate w(h).
-5
Let u(o) be the first derivative of -2*o**3/3 + 3*o**2/2 + 3*o + 4. What is u(-2)?
-11
Let a(n) be the first derivative of -n**2/2 - 15*n + 3. What is a(-8)?
-7
Suppose -2*l + 0*l = -8. Suppose l*v + 12 = -0. Let q(j) = -j**2 - j - 1. Determine q(v).
-7
Let i(g) be the second derivative of -g**5/20 - g**4/2 + 4*g**2 + 8*g. Calculate i(-6).
8
Let z(x) = -x**3 + 7*x**2 - 6*x + 5. Let v be 3/(-2) + 60/8. Calculate z(v).
5
Let t be 12/(-8) - 7/(-2). Let a(i) be the third derivative of -2*i**2 - 1/6*i**4 + 0 + 0*i + 1/6*i**3. Calculate a(t).
-7
Let w(k) = 20*k**3 + 4*k**2 + 4 - 2*k**2 - 21*k**3 - 1. What is w(3)?
-6
Let t(x) = x**2 - x + 1. Let m(j) = j**3 - 8*j**2 + j + 2. Let v(a) = -m(a) - 4*t(a). Determine v(4).
6
Let v(t) = -t**3 + 9*t**2 - 8*t - 8. Let x be 1/2*96/6. Determine v(x).
-8
Let p(n) = 3*n**3 + n**2 + n - 1. Let r be p(1). Let z(y) = y**2 - 4*y + 5. Let s be z(r). Let a(f) = f**3 - 5*f**2 + 2*f - 7. Give a(s).
3
Let x(h) = 4*h**2 - h. Let g = -53 + 51. Calculate x(g).
18
Let u(i) = 2*i**3 + i**2 - 2*i + 1. Let q(k) = k**2 - 6*k + 6. Let x be q(5). Let t be u(x). Let b(w) = -3 + w + t - 5*w + 3*w. What is b(-5)?
4
Let p = -30 - -31. Suppose -3*n + 30 = 4*j, 0*j - 3*j + 21 = 2*n. Let f(m) = 6 - n - m + 2*m**2 - 6*m**3. What is f(p)?
-5
Let z be 0/(2/(-1) + 0). Let l(v) be the third derivative of v**6/120 - v**5/60 + v**3 - v**2 + 8. What is l(z)?
6
Let d(b) be the second derivative of -b**5/20 - b**4/12 + b**3/3 + b**2 - 12*b. Give d(-2).
2
Let k(b) = -5*b - 3 - b**3 + 3*b + 6 - 2*b**2 + 0*b**3. Calculate k(-3).
18
Let l(q) be the first derivative of -q**2/2 + 9*q + 1. Calculate l(9).
0
Let j(o) = 6*o. Let y(l) = -2*l - 5. Let m be y(-3). Calculate j(m).
6
Let a(u) = u**2 - 3*u + 4. Suppose 3*d + 1 + 4 = 2*j, 0 = -2*j - d - 7. Let r(v) = -v**3 - v**2. Let o be r(j). Let g be (-46)/(-14) - o/14. Determine a(g).
4
Let v(w) = -2*w**2. Let s(c) = -3*c**2 + c. Let h(i) = -4*s(i) + 7*v(i). Give h(-3).
-6
Suppose 3*u = u - d - 5, d + 8 = -5*u. Let z(p) = p - 1. Let i(t) = -t**2 + 6*t - 2. Let q(x) = u*i(x) + 4*z(x). Give q(3).
1
Let v(a) be the first derivative of a**2/2 + 3*a + 1. Let q = 83 - 87. What is v(q)?
-1
Let l(r) = r**2 - 2*r - 6. Let j(o) = 6*o**2 - o. Let p be j(1). What is l(p)?
9
Let c(s) be the second derivative of s**4/12 + 7*s**3/6 + 5*s**2/2 + 2*s. Determine c(-5).
-5
Let a(n) = -n**3 - 2*n**2 + 4*n + 2. Let b be ((-12)/3 - -2) + -1. What is a(b)?
-1
Let w(j) = -2*j**2 + 2*j**3 - 5*j**3 + 4*j + 4*j**3 - 2. Let o be ((-2)/(2/(-3)))/((-6)/(-4)). Give w(o).
6
Let k(b) = 9*b**3 - b**2 + 1. Let u = -1 + 0. What is k(u)?
-9
Let h(r) = -r**2 + 6*r + 1. Let u be h(6). Let f(k) be the third derivative of 0*k - 1/20*k**6 + 0 + 1/30*k**5 - 2*k**2 - 1/24*k**4 + 0*k**3. Determine f(u).
-5
Let t(q) be the third derivative of q**6/120 + q**5/10 - q**4/24 + q**3/2 + q**2. Determine t(-6).
9
Let x(a) = -a**3 + 6. Let r = 12 - 12. What is x(r)?
6
Let t(k) = -4*k + 3. Let g be (-18 - -3)*(-2)/6. Suppose g = 5*b - 10. Calculate t(b).
-9
Let r(b) = -b**3 + 7 - 8*b + 2 - 3 + 8*b**2. Let g be r(7). Let v(t) = 9*t. Give v(g).
-9
Let b(d) = 27 + 9*d**2 - 3*d + d - d**3 - 15. Determine b(9).
-6
Suppose 0 = m + 2*m - 18. Let b(h) = -h**3 + 6*h**2 + h - 1. What is b(m)?
5
Let c = 261/170 - 3/85. Let h(v) be the second derivative of 0 + 3*v - 1/12*v**4 - c*v**2 + 1/6*v**3. Determine h(0).
-3
Let r(d) = -8*d**2 - 1. Suppose -7 + 3 = -b. Suppose 0 = -s - b*y + 17, -s = -2*s - y + 5. What is r(s)?
-9
Let t be 1*3/2*2. Let r(f) = 3*f + t*f + 2 + 4*f - 4*f. What is r(-2)?
-10
Let b(v) = -v**3 - 3*v**2 - 2*v - 4. Let p be b(-3). Suppose l - 3*l = -4. Let f(z) = 4 + l*z**2 - 2*z + 5 - 2 - 4. What is f(p)?
7
Let b(z) be the third derivative of z**9/60480 + z**8/4032 - z**7/840 - z**6/180 + 7*z**5/60 + z**2. Let d(s) be the third derivative of b(s). Give d(-6).
-4
Let z be (-2 + -1 + 3)/(-1). Let y(x) = -x + 12. Determine y(z).
12
Let z(q) = q - 7 - 31*q**2 + 14*q**2 + 18*q**2 + 0*q. Let t be (1 - 1)*(-2)/(-4). Give z(t).
-7
Let b(q) be the first derivative of -q**4/4 + q**3/3 - 5*q - 5. Determine b(0).
-5
Let s(j) = 4*j**2 - 2*j + 6. Let a(t) = 4*t**2 - 2*t + 5. Let y(f) = 5*a(f) - 4*s(f). Let v be (6/(-4))/((-2)/4). Suppose -v*l = l - 4. Calculate y(l).
3
Let d(k) be the third derivative of k**8/6720 - k**7/630 - k**6/120 - k**5/40 + 5*k**4/24 - 2*k**2. Let a(f) be the second derivative of d(f). Give a(5).
-8
Let d = -1 + -2. Let r(u) = -4*u**2 + 3*u + 11. Let p(n) = n**2 - n - 3. Let w(v) = 6*v - 4. Let a be w(-3). Let s(j) = a*p(j) - 6*r(j). Give s(d).
6
Let v(m) = 2 + 9*m**2 - 8*m - 12 - 3*m + m**3. Determine v(-10).
0
Let q be -2*(15/6 + -2). Let h be (-3)/((-3)/1) + 3. Let f(x) = -11*x + 3 + 8*x - h. What is f(q)?
2
Let q(u) = u**3 + 5*u**2 + u - 8. Let x be q(-4). Let m(h) be the second derivative of -h - 5/12*h**x + 0*h**2 + 1/2*h**3 + 0 + 1/20*h**5. Determine m(3).
-9
Suppose 6*r = 3*r + 6. Let s(t) = -3*t**r + 4*t**2 + t + t + 4 - 3*t. Determine s(3).
10
Let b(a) = a + 4. Suppose 6*c - 2*c = -7*c. Calculate b(c).
4
Let f(h) = 3 + h + 1 + h**2 - 3*h - 4*h. Calculate f(6).
4
Let z(t) = t**3 + t**2 - 4*t + 3. Suppose 0 = -4*b + 5 + 3. Give z(b).
7
Let v(b) = -5*b - 3. Let i(o) = 1. Let a(h) = -h - 7. Let d(w) = -a(w) - 6*i(w). Let j be d(-4). What is v(j)?
12
Let o(z) = -z**2 + 2*z - 2. Let d(q) be the first derivative of q**2 - 7*q - 1. Let m be d(6). Suppose -20 + m = -5*b. Calculate o(b).
-5
Let i(o) = -o - 1 + 3*o + 4*o. Let l(h) = -h**3 - 8*h**2 + h + 10. Let r be l(-8). Suppose q = 3*w + 5, -w - q = -r*w - 3. Give i(w).
-7
Let h(y) be the second derivative of y**5/20 - y**4/12 - y**3/6 + 3*y**2/2 - 8*y. Calculate h(0).
3
Suppose 10 = 3*u + 2*u. Let q(w) = u - w - 4*w**2 - w - 2*w**3 + w. Let a be 2/((-3)/(-3)*-1). Determine q(a).
4
Let r(x) = -7*x. Let s be r(-1). Let z(o) = -o**3 + 8*o**2 - 4*o - 2. Calculate z(s).
19
Let b(i) = i**3 + 4*i**2 + i. Suppose 5*d + 32 = 3*m, -2*m - 2*d + 1 + 15 = 0. Suppose 0*x + m = -x. Let p = -13 - x. Give b(p).
-4
Let f(l) = -l**2 - 5 - 5*l - l**2 - 5*l. Let m(z) = -z**2 - 5*z - 2. Let w(g) = -2*f(g) + 5*m(g). Give w(-5).
0
Let n(h) be the third derivative of h**5/60 - h**4/4 + h**3 - h**2. Suppose -6*s = -s - 5*f - 100, -5*f = -3*s + 66. Let b = -12 + s. Determine n(b).
1
Let b(o) = -o**2 - 4*o + 1. Let j(r) = -r**3 - 6*r**2 - r - 9. Let l be j(-6). Give b(l).
4
Let h = 4 - 2. Let k(p) = -5*p**3 - 12 - 3*p**2 + 6 - 11. Let u(g) = -g**3 - g**2 - 4. Let x(t) = -2*k(t) + 9*u(t). Determine x(h).
-6
Let n be ((-16)/(-12))/(12/27). Suppose -n = m - 2*m. Let a(y) = y**3 - 2*y**2 - 5*y + 3. Give a(m).
-3
Let s(b) = 4*b + 1. Suppose 5*p = o + 22, -3*o + p = -0*p + 10. Calculate s(o).
-7
Let f(w) = -w**3 + 6*w**2 + w - 8. Let r(g) = 4*g - 10. Let v = 22 - 18. Let y be r(v). Give f(y).
-2
Let o(s) = s**2 + 6*s + 2. Let v(x) be the second derivative of 1/6*x**3 + x + 0 + x**2. Let p be v(-6). Calculate o(p).
-6
Let t(d) = -4*d - 8. Let i be (-1 - -4)/((-3)/(-2)). Let b(a) = 3 - i*a - 6 + a. Let w(f) = -10*b(f) + 3*t(f). Determine w(5).
-4
Let w(b) = -b - 2. Let d be 4/6 - 100/15. Let q = 1 + d. What is w(q)?
3
Let m be 1*5*-1 - (128 + -131). Let d(k) = -3 + k - 7*k - k. Give d(m).
11
Let a = 28 - 29. Let v(b) = -26*b**2 - 2*b - 1. Calculate v(a).
-25
Let q be 0 + ((-9)/3 - 0) + 6. Let y(s) be the first derivative of 0*s - 2 - q*s**2 - 1/4*s**4 + 2*s**3. Determine y(5).
-5
Let g(d) = -d**3 + 7*d**2 + d - 1. Let k(j) = 4*j**3 - 29*j**2 - 4*j + 5. Let r(v) = 9*g(v) + 2*k(v). Give r(5).
6
Let a(q) = -2*q + 3. Let c be 2 + 1 + (-3 - -3). Suppose c*t + 7*y + 19 = 2*y, -4*t - 7 = 3*y. Suppose 0*g - 3*g = -5*p + 12, -g + 7 = t*p. Give a(p).
-3
Let y(j) = -9*j**3 + 8*j**2 - 8*j - 5. Let o be ((-28)/(-12))/((-2)/6). Let s(a) = -4*a**3 + 4*a**2 - 4*a - 2. Let g(l) = o*s(l) + 3*y(l). Determine g(3).
2
Let u(q) = q**3 + 11*q + 0*q**2 + 2 - 11*q + q**2. Calculate u(0).
2
Let t(n) be the second derivative of -n**4/6 - 7*n**3/6 - 3*n**2 - 10*n. Calculate t(-5).
-21
Let j(l) = -l**3 + 3*l**2 + 2*l + 4. Let i be (-4)/(-5) + 6/5. Suppose -i*k + k - 5*t - 11 = 0, 3*k + 4*t = 0. Calculate j(k).
-4
Let x(r) = r - 1